*y - 46. Let n be u(-9). What is the greatest common divisor of 52 and n?
26
Let n = 167 - 33. Let i be 3/2 - n/4. Let h = 50 + i. What is the highest common factor of h and 90?
18
Suppose -r + 3*c = -7, -2*r - 2*c + 26 = -4*c. Let m be (2/8)/(2/8). Suppose -9 + m = -2*o. What is the greatest common divisor of o and r?
4
Let u be 19 - (-4)/(-4 - 0). What is the greatest common divisor of u and 12?
6
Let z be (-15)/(-2)*24/5. What is the highest common factor of z and 90?
18
Suppose 0 = -3*i + 3*w + 65 + 235, -295 = -3*i - 2*w. Let a = -16 - -25. What is the greatest common factor of a and i?
9
Let w = -141 - -189. Calculate the highest common divisor of w and 64.
16
Let d = -22 - -62. Suppose -2*i + 20 = 4*c - 22, 0 = 5*c + 4*i - 60. What is the highest common divisor of c and d?
8
Let v(l) = l + 34. Let n be v(-14). What is the highest common divisor of n and 220?
20
Let q be 1 - 21/(-1) - (-1 - -3). What is the highest common divisor of 140 and q?
20
Let r = -1501 + 873. Let v be r/(-7) + 2/7. Calculate the highest common divisor of 36 and v.
18
Suppose 0 = -0*m + 4*m - 12. Suppose b = -3*t + m*b + 98, -3*t = -b - 97. What is the highest common factor of 4 and t?
4
Suppose -h + 5 = -4*i, 2*h = -0*h + 3*i + 20. Let v(t) = 3*t**2 - 3*t + 1. Let y be v(6). Calculate the highest common factor of h and y.
13
Suppose 0 = x + 3*x - 52. Let i be (-1719)/(-12) - (-2)/(-8). What is the greatest common factor of i and x?
13
Let f(a) = 3*a**2 - a - 3. Let v be f(-3). Let t = 225 - v. Suppose 0*l - 3*l = -t. Calculate the greatest common divisor of 6 and l.
6
Let z = -14 + 68. Let q = -32 + z. Calculate the greatest common divisor of q and 11.
11
Let q = 2 + -6. Let r = 4 + q. Suppose -2*a - 8 = -6*a, r = -b + 5*a - 9. What is the greatest common factor of b and 1?
1
Let u = -153 - -219. What is the highest common divisor of u and 33?
33
Let u = 779 - 424. Suppose -u = -4*t - 103. What is the highest common divisor of 9 and t?
9
Let h be ((-16)/(-12))/((-2)/(-6)). Suppose -h*g = -5*j + 123, 2*j + 0*j + 4*g = 66. Suppose 0 = -4*l + 1 + j. What is the greatest common divisor of l and 28?
7
Let x = 5 + -4. Suppose 4*p - x = 3*p. Let b = p - -2. What is the greatest common factor of 21 and b?
3
Let d(w) = 0*w - 4 + 3*w**2 - 3*w + w. Let c be d(-3). Let m = c + -10. What is the greatest common factor of 152 and m?
19
Let l(o) = -o. Let y be l(-5). Let s = 0 + y. What is the highest common divisor of s and 25?
5
Suppose -3*q - 26 - 3 = -2*f, 3*q = -9. Let l(v) = -4*v - 6. Let k be l(-4). Calculate the greatest common divisor of f and k.
10
Let g be (5/(-2))/(-3*(-6)/(-108)). What is the highest common factor of g and 12?
3
Let i(s) = 4 - 1 + 48*s - 49*s. Suppose j + 4*w = -11, 5*j - 5*w + 7 = -w. Let m be i(j). Calculate the greatest common divisor of m and 6.
6
Suppose -m - 3 = -5. Suppose -5*n = -2*y + 9, 5*n + y + 3 + 0 = 0. Let u = m + n. Calculate the greatest common divisor of 5 and u.
1
Suppose -d + 3*p + 2*p + 130 = 0, 5*d + p = 546. Let f = 0 - -10. Calculate the highest common divisor of f and d.
10
Let s be -127 - (-1 - (-2)/(-2)). Let w = s - -180. What is the greatest common factor of w and 22?
11
Let t = 165 + -151. Calculate the highest common divisor of 2 and t.
2
Let y be 1 + 3/((-3)/(-4)). Suppose -q + 22 = y*a - 0*a, 4*q + 4*a - 104 = 0. What is the greatest common factor of q and 9?
9
Suppose 2*y = -0*g - g + 15, 0 = -4*y + 3*g + 45. Let p be 10/(-45) + 25/(-9). Let u be p/9*18/(-1). What is the highest common divisor of y and u?
3
Suppose 2*c = k, -3*k = -5*k - 4*c + 32. Let m be (192/20)/((-6)/(-20)). Calculate the highest common divisor of m and k.
8
Let n(p) = p**3 + 5*p**2 + p - 2. Let w be n(-4). Suppose -u - 10 = -25. Let b = u - -10. What is the greatest common factor of w and b?
5
Let c be (1*-3)/(9/(-15)). Suppose 0 = -5*d, -c*n + d + 85 + 60 = 0. Let z be (n/1 - -1)*2. What is the highest common divisor of 20 and z?
20
Suppose z - 3*z + 10 = 0. Suppose -2*r - 76 = -z*w - 4, -3*r = 4*w - 53. What is the highest common factor of w and 56?
14
Let o be ((-32)/1)/(-2) + -3. Let a be (2 - o)*4/(-4). Calculate the greatest common factor of a and 1.
1
Suppose 70*v - 66*v - 828 = 0. Calculate the highest common divisor of v and 23.
23
Suppose 5*l = -9 + 29. Calculate the greatest common divisor of 10 and l.
2
Suppose -4*t = z - 13, -4*z + 41 = 5*t + 11. Calculate the highest common factor of 4 and t.
2
Suppose -2*c - 3*c = -o - 6, -4*c + 3 = -o. Let z(k) = 2*k + 1. Let n be z(1). What is the greatest common factor of n and o?
3
Let a(q) be the first derivative of 3*q**2/2 - 4*q + 3. Let f be a(8). Calculate the greatest common factor of f and 8.
4
Let u(n) be the third derivative of 5*n**4/24 - 5*n**3/6 - n**2. Let v be u(4). What is the greatest common factor of 5 and v?
5
Let i(l) = -5*l - 2. Let c be i(-1). What is the highest common divisor of c and 33?
3
Let w be (6/(-5))/(114/15 + -8). What is the highest common divisor of 12 and w?
3
Suppose -2*r - 3*r - 515 = -5*l, -2*r = l - 109. Calculate the greatest common factor of 21 and l.
21
Let t be -2 - (29 - (5 + -2)). Let v be (-7)/t - 35/(-4). Calculate the highest common factor of 9 and v.
9
Suppose 4 = -2*s + 54. Suppose 0 = 5*n - 5*g, -6*g + s = -g. Calculate the highest common factor of 5 and n.
5
Suppose 2*p - p - 5*v - 49 = 0, -2*p - 3*v = -111. Calculate the greatest common factor of p and 6.
6
Suppose -4*b = -a + 42, 0*a + 2*a - 75 = 5*b. Let g = -2 - -6. Suppose 2*c + g*s - 40 = 0, -3*c = 2*s - 64 + 4. What is the greatest common factor of c and a?
10
Let g = -31 + 35. Calculate the highest common factor of 2 and g.
2
Suppose 152 - 2 = 5*o. Let t = o + 48. Suppose -h = h - t. What is the highest common divisor of 26 and h?
13
Let c(m) = -112*m - 1. Let g be c(-2). Suppose g = 3*x + 5*q, -289 = -4*x - 0*x - 5*q. Let h = 14 + -8. Calculate the highest common divisor of h and x.
6
Let z be -9*(-2)/(-4)*-2. What is the greatest common divisor of 18 and z?
9
Suppose 4*o + 7*h - 28 = 3*h, o + 9 = 3*h. Calculate the greatest common factor of 1 and o.
1
Let i = 154 + -996. Let b be i/(-8) + (-14)/56. Calculate the greatest common factor of b and 42.
21
Suppose 47 + 8 = 3*z - 5*o, -4*z + o + 45 = 0. Calculate the greatest common divisor of 10 and z.
10
Let y be (10/(-3))/(1/(-3)). What is the greatest common divisor of y and 15?
5
Let y(i) = -i**2 + 8*i + 4. Let q be y(7). What is the greatest common divisor of 110 and q?
11
Suppose 0 = -2*m - 0*m + 40. Let b(c) = 20*c**3 - c**2 + 2*c - 1. Let s be b(1). Suppose 2*y + 4 = s. Calculate the highest common factor of m and y.
4
Suppose 3*t - 6 = 0, -6*t + t + 28 = q. What is the greatest common factor of q and 144?
18
Let d(f) = -f + 12. Let i be d(0). What is the highest common divisor of i and 36?
12
Let r = 32 + -23. Let x be r/6 + 164/8. What is the greatest common factor of 11 and x?
11
Suppose -r = 3, 2 = 4*s - 5*r - 17. Let q(o) = -o**3 - 7*o**2 - o - 3. Let p be q(-7). What is the highest common factor of s and p?
1
Let s be 1 + 0 + (-12)/(-4). Let a be 4/(s/151) + 2. Calculate the highest common factor of 17 and a.
17
Let n be 0/((2 - -1) + 0). Suppose -t + 31 = 2*s + 9, n = 2*s - 4*t - 42. What is the greatest common divisor of s and 13?
13
Let u = 16 - 13. What is the greatest common divisor of 6 and u?
3
Suppose 2*x = -c + 13, 2*x = -0*c + c - 5. Suppose 240 = 4*a + 5*k, 4*a + 5*k - k - 244 = 0. Suppose -a = -s + 16. What is the highest common factor of c and s?
9
Suppose 3*u - 4*u = -54. Suppose 5*v + 2*n - n - 63 = 0, 4*v + 2*n = u. What is the highest common divisor of 18 and v?
6
Suppose 0 = 7*j - 403 - 87. Calculate the greatest common divisor of j and 10.
10
Let s(f) = 2*f**2 + 3*f - 5. Let r be s(-4). Let g be -1 + 3 + (0 - -43). What is the highest common factor of r and g?
15
Let z(m) = m**3 + 30*m**2 + 23. Let g be z(-30). Calculate the greatest common divisor of 46 and g.
23
Let l(o) = 3*o**2 - 11*o + 20. Let g be l(3). Let d(s) = -78*s - 2. Let a be d(-2). What is the highest common divisor of a and g?
14
Let i(l) = 48 + l + l - l + l**2. Let m be i(0). Let b = 13 + 3. What is the highest common divisor of b and m?
16
Let k(i) = -i + i - 2 - 20*i + i. Let n be k(-2). Calculate the highest common factor of n an